 - h*x - 29 = -5*x, 5*x - 5 = 3*i. Suppose 2*b - i*b = -18. What is the units digit of b?
6
Let n(i) = -2*i - 2. Let u(k) = -6*k - 4*k**2 + 3*k**2 + 0*k**2 - 8. Let z be u(-6). What is the units digit of n(z)?
4
Suppose -6*l = 4*c - 2*l + 12, -3 = 5*c + l. What is the units digit of (-15)/(c + -1) + -3?
2
What is the units digit of (9/6)/(2 + (-5478)/2748)?
9
Suppose -10*o + 654 = -4*o. What is the hundreds digit of o?
1
Suppose -5*z + 2*n + 0*n = -36, -8 = -2*z + 4*n. Suppose -2*l + 58 = -z. What is the units digit of l?
3
Suppose 0 = -t + 3*t + 4*d - 324, -t = -2*d - 170. What is the hundreds digit of t?
1
Suppose -5*p = -3*h - 111, -7*h = p - 2*h - 39. Suppose 0 = -3*s - s + p. Let q = -1 + s. What is the units digit of q?
5
Let z = 806 - 484. What is the hundreds digit of z?
3
Let y = 177 + -64. What is the hundreds digit of y?
1
Let l(q) = 3*q + 9. What is the tens digit of l(10)?
3
Let q(k) = -5*k**2 - 5 + 6*k + 12 + 6*k**2. Let r be q(-5). What is the units digit of 17/r + 1/(-2)?
8
Suppose -o + 2*w = -3*w - 7, -2*w = -o + 4. Suppose 4*j - 27 = -r, 8 = o*j + 3*r - 3. Let y = 5 + j. What is the tens digit of y?
1
Let y = 97 - 42. Suppose 0 = -5*n - 0*n + y. What is the units digit of n?
1
Suppose -2*g - 5*r = -80, -2*g - 2*r + 53 + 21 = 0. What is the tens digit of g?
3
Suppose 0*y = 4*v + y - 25, v = -5*y + 30. Let x = -3 + v. What is the units digit of x?
2
Suppose -99 = -3*i + 9. What is the tens digit of i?
3
Let c(x) = x**3 + 9*x**2 + 7*x - 4. Let m be c(-8). Suppose 9 = -2*d - 3*k, -d - d - 2*k = m. Suppose -d*g = -4 - 5. What is the units digit of g?
3
Let z = -20 - -22. Let l = -13 + 29. Suppose -z + l = k. What is the tens digit of k?
1
Suppose -l + 0*l = -78. What is the tens digit of l?
7
Let c(m) = -2*m - 3. Let h(q) = 6*q**2 - q + 1. Let f be h(1). Let y = f + -10. What is the units digit of c(y)?
5
Let s = 19 + 6. What is the tens digit of s?
2
What is the units digit of ((-27895)/(-21))/5 + 2/6?
6
Let v = 141 + -64. Let k = v + -20. What is the units digit of k?
7
Let y(r) = r**2 - 4*r + 6. What is the hundreds digit of y(-9)?
1
Suppose 2*d - 6 = t, 0 = 2*d + 3*d - t - 15. Let b(a) = 8*a + 2. What is the units digit of b(d)?
6
Let v(a) = 3*a**2 - a. Let u be v(-1). Suppose -f - 2 = -3*f - u*z, 38 = 5*f - z. What is the units digit of f?
7
Let v(o) = 6*o + 2. Let l(i) = -i - 1. Let s(x) = -5*l(x) - v(x). Let h be s(8). What is the units digit of (-4)/10 + (-37)/h?
7
Let m = 22 + -16. Suppose m*b = 4*b. Suppose -2*c = -l + 5*l - 30, -2*c - 2 = b. What is the units digit of l?
8
Let x = -14 + 18. What is the units digit of x?
4
Suppose -5*u + 22 = -3. Let j(q) = 2*q**2 + 15*q**3 - u*q**3 + 5*q**3 - 1. What is the tens digit of j(1)?
1
Let n(q) = 2*q**2 + q - 2. Let o(h) = -h**2 + 8*h + 5. Let t be o(9). Let c(a) = -a**3 - 5*a**2 - 4*a + 2. Let p be c(t). What is the units digit of n(p)?
8
Suppose -n + 24 = -4*y, n + 0*n + 2*y = -6. Suppose t - 11 = n*g, 5*g + 0*g - 5*t = -25. What is the units digit of g/5 - 111/(-15)?
7
Suppose 2*j + 4*z = 3*j + 2, z - 5 = 0. Let w = j + -1. What is the tens digit of w?
1
Let a = -1 - -3. Suppose 2*m = 7*m + 20, -5*m = a*x. Suppose -5*j = -v + 26 - x, -3*v + 29 = 4*j. What is the tens digit of v?
1
Let i(t) = 50*t**2 - 1. Let q be i(-1). Let l = -15 + q. What is the tens digit of l?
3
Let x(l) = l**2 + 5*l + 4. Let v be x(-6). Let w = v + -20. Let f = -7 - w. What is the units digit of f?
3
Suppose d - 36 = 2*l - 0*l, -5*d + 3*l + 173 = 0. What is the units digit of d?
4
Let f be 3/(-2)*2 + 8. Suppose 0*t - f*t = -10. Suppose 0 = t*i + 22 - 58. What is the units digit of i?
8
Let h(z) = -z**2 + 7 - z + 0*z**2 - 6*z - 1. What is the units digit of h(-6)?
2
Let h(d) = -d**2 - 21*d - 30. What is the units digit of h(-15)?
0
Suppose 38 = 2*b + 4*d - 24, 3*b - 5*d = 148. What is the tens digit of b?
4
Let t(l) = -l**3 - l**2 - 2*l + 57. What is the tens digit of t(0)?
5
Suppose 3*g - 5 = 40. Let i = g + -10. Suppose i = 2*n + 1. What is the units digit of n?
2
Let x = -47 + 31. Let b be (12/x)/(2/(-48)). Suppose -2*k = -5*k + b. What is the units digit of k?
6
Let t(h) = h**3 - 7*h**2 - 2*h + 10. What is the tens digit of t(8)?
5
Suppose -7*c + 2*g + 142 = -3*c, 0 = -c + g + 34. What is the units digit of c?
7
Let r = -12 - -12. Let q(g) = -g**3 - g**2 + 26. What is the tens digit of q(r)?
2
Let p = 0 + 1. What is the units digit of p/(((-9)/(-30))/3)?
0
Suppose 2*m + 3*m = 20. Let n be (11 - 10) + 12 + -1. Suppose m*r + n = 4*h, -h + 7*r = 2*r - 7. What is the units digit of h?
2
Suppose 2*b - 2*p - 2 = 0, -5*b + 3*p + 1 + 0 = 0. Let t be (-1 - b) + 2 + 13. Suppose 4*a + a - 5*h = 25, 0 = -a - 4*h - t. What is the units digit of a?
1
Let m = -1 - 3. What is the units digit of ((-56)/(-21))/(m/(-18))?
2
Suppose 0 = 3*n + 3*c + 30, 0 = 3*n + 3*c + 2*c + 40. Let h = n + 5. Suppose 5*o - 4*o - 2 = h. What is the units digit of o?
2
Let d(j) be the third derivative of j**6/20 + j**5/60 - j**4/12 + j**3/6 - 2*j**2. Let b be d(1). Let h = b + 2. What is the units digit of h?
8
Let h = -130 + 198. What is the tens digit of h?
6
Suppose -4*v + 30 = -22. What is the units digit of v?
3
Let r(t) = -t**2 - 5*t + 3. Let g be r(-5). Suppose -g*h = -65 - 22. What is the units digit of h?
9
Suppose 117 = 3*t + 3*r, -4*r = -5*t - 0*r + 231. What is the tens digit of t?
4
Let z(i) = -i**3 - 19*i**2 - 4*i - 10. What is the tens digit of z(-19)?
6
Let k = -34 + 78. What is the units digit of k?
4
Suppose 0*d - 4*d = 0. Suppose d = 3*v - 0*v + 3. Let j(r) = -18*r**3 - r**2 + 1. What is the units digit of j(v)?
8
Let w(i) = -5*i - 2. What is the units digit of w(-5)?
3
Suppose 5*c = -3*v - 79, 4*c + 4*v + 22 = -38. Let l be 0/(15/10*2). Let h = l - c. What is the tens digit of h?
1
Suppose 5*y - 2*f - 793 = 0, f - 155 = -y + 5*f. What is the units digit of y?
9
Let m = -11 - -11. Let b = -11 - m. Let i = 25 + b. What is the units digit of i?
4
Suppose -4*w + 5*n = -30, 3*w = w - 3*n + 4. Suppose 105 = w*r - 15. What is the tens digit of r?
2
Let p be (-2)/(-12) + 11/6. Suppose g = 2*k - 5, p*g - 15 = -2*k + g. Suppose 5*b - 5*f - 50 + k = 0, 0 = 5*b + 3*f - 5. What is the units digit of b?
4
Let a(x) = -16*x. Let i be (-2)/4 + 5/(-10). What is the units digit of a(i)?
6
Let g be ((-12)/(-8))/((-2)/4). Suppose 0 = s + 2*s - 5*c - 49, -4*s + 27 = c. Let t = g + s. What is the units digit of t?
5
Suppose 0 = 4*u - 5*z - 34, u + 0*z - 14 = 4*z. Let s(b) = 15*b**3 - b**2 - b. Let f be s(-1). What is the units digit of u/f + 28/20?
1
Let b be 3 - (2 - 1) - -4. Let h(a) = 3*a**2 - 14*a - 2. What is the units digit of h(b)?
2
Suppose -4*z - 4*v + 827 = 139, z = -3*v + 182. What is the tens digit of z?
6
Suppose n - 1 - 3 = 0. Let b = n + 6. What is the tens digit of b?
1
Suppose j + 2*v = 3*j - 128, 2*j - 131 = 3*v. Let d = -26 + j. What is the units digit of d?
5
Suppose 4*t - 20 = -3*n + n, -t = -5. Suppose 48 = -n*v + 4*v. What is the tens digit of v?
1
Let c = 16 - -4. Let d(b) = -3*b + 1. Let l be d(-1). Suppose 4*n - c = l. What is the units digit of n?
6
Let g = 37 + -31. Let s(c) = 7 + 3*c**2 + 8*c - 4*c**2 - 2*c. What is the units digit of s(g)?
7
Let s be -2*1 - (-4 - 33). What is the tens digit of 1/2 + s/2?
1
Let f(k) = -k**3 + 6*k**2 - 5*k + 1. Let n = -19 - -28. Let j = n - 5. What is the tens digit of f(j)?
1
Let c(l) = 2*l**3 + 5*l**2 + 3*l - 1. Let w be c(-3). Let i = -13 - w. What is the units digit of i?
6
Let c(m) = 2*m**2 - 4. What is the units digit of c(5)?
6
Let a(x) = x. Let i(m) = m**2 - 1. Let l(b) = a(b) + 3*i(b). Let r(v) be the first derivative of l(v). What is the tens digit of r(2)?
1
Let g(z) = z**3 - 3*z**2 - 8*z + 4. Let h be 0 - 4 - 0/2. Let t be h/18 + 94/18. What is the units digit of g(t)?
4
What is the tens digit of (-48)/(-14)*91/26?
1
Suppose -3*l - 24 = -i + 8, -91 = -3*i + 4*l. Let j = i - 15. What is the tens digit of j?
1
Let p(u) = -36*u + 1. Let d be p(-1). Let s = d + -6. What is the tens digit of s?
3
Suppose z - 3*z + 60 = 0. What is the tens digit of z?
3
Suppose 0*r = -r. Suppose r = -o - 2. Let f = o + 15. What is the tens digit of f?
1
Suppose 11 + 7 = 3*m. Suppose 4*i - 5*q = -0 + 35, 0 = -2*q - m. Suppose 0 = -j - w + 7, -j - i*w + 4 = -3. What is the units digit 